 711 and 93773?
79
What is the greatest common divisor of 2804 and 617925892?
2804
What is the highest common divisor of 68 and 1019592884?
68
What is the greatest common divisor of 517927230 and 360?
90
What is the greatest common divisor of 27224890 and 3850?
770
Calculate the highest common divisor of 85929730 and 34.
34
What is the greatest common factor of 22092 and 2436?
84
What is the highest common divisor of 4890 and 2028535?
815
What is the greatest common divisor of 1065648 and 585272?
1192
Calculate the greatest common divisor of 179442 and 1386.
18
What is the greatest common divisor of 1456676 and 1285?
257
What is the greatest common factor of 295485300 and 5500?
1100
What is the greatest common divisor of 226293 and 1086?
3
Calculate the greatest common divisor of 2205 and 536.
1
What is the highest common divisor of 18382252 and 3332?
196
Calculate the highest common divisor of 243041701 and 7.
7
What is the highest common factor of 231 and 15772449?
231
What is the greatest common factor of 1462347 and 2954583?
1107
Calculate the greatest common factor of 1160 and 641567.
29
What is the highest common factor of 12348 and 743652?
252
What is the highest common divisor of 422184 and 4716?
12
What is the highest common divisor of 37367058 and 1636?
818
Calculate the greatest common factor of 46440 and 13425030.
3870
Calculate the greatest common divisor of 822166990 and 10.
10
What is the greatest common factor of 7988 and 102172511?
1997
What is the highest common divisor of 109035072 and 29160?
5832
Calculate the greatest common factor of 7868 and 11773860.
28
What is the highest common factor of 210 and 2868453?
21
What is the highest common divisor of 429875 and 306071?
3439
What is the greatest common factor of 8569 and 218899?
779
Calculate the highest common factor of 359184 and 24144.
48
What is the highest common divisor of 225816 and 576?
24
What is the highest common divisor of 80 and 102250?
10
What is the greatest common factor of 285986022 and 126?
42
Calculate the highest common divisor of 134 and 1698573146.
134
Calculate the greatest common divisor of 339139620 and 30.
30
What is the highest common divisor of 10876760 and 12?
4
Calculate the greatest common factor of 4899393 and 1206.
9
Calculate the greatest common divisor of 8 and 50182148.
4
What is the highest common divisor of 51446178 and 924?
42
What is the highest common factor of 5 and 6155465?
5
Calculate the highest common divisor of 2972823750 and 18.
18
Calculate the highest common factor of 258429735 and 15.
15
What is the greatest common divisor of 30079218 and 24?
6
What is the highest common divisor of 162921375 and 1375?
125
Calculate the greatest common factor of 17120224 and 187.
187
Calculate the greatest common factor of 388241 and 2590.
259
What is the greatest common divisor of 723134 and 5470?
1094
What is the highest common divisor of 2773 and 764111242?
2773
Calculate the highest common factor of 1839325 and 108750.
725
What is the greatest common divisor of 430 and 5086986?
86
Calculate the highest common factor of 1728 and 35384256.
1728
Calculate the highest common factor of 11281023 and 494.
13
Calculate the highest common divisor of 303939402 and 1014.
1014
Calculate the highest common factor of 373247 and 2389576.
497
What is the greatest common divisor of 799 and 6167870113?
799
Calculate the greatest common divisor of 934887 and 84.
3
Calculate the greatest common divisor of 6 and 13382208.
6
What is the highest common factor of 34001289 and 27?
27
Calculate the highest common factor of 193333491 and 17589.
1599
Calculate the greatest common factor of 37886152 and 2185.
437
What is the highest common divisor of 796521 and 26752?
11
What is the highest common factor of 4777 and 3708357?
281
Calculate the highest common factor of 980148 and 644709.
2379
What is the highest common factor of 1677 and 15293811?
39
Calculate the highest common divisor of 66 and 72688407.
33
Calculate the greatest common factor of 18959016 and 24.
24
What is the highest common factor of 994876157 and 2299?
2299
Calculate the greatest common factor of 41085 and 88200.
45
What is the highest common factor of 34255 and 87862060?
2015
Calculate the greatest common factor of 913212 and 4176.
36
What is the greatest common factor of 69971 and 1397?
11
Calculate the highest common factor of 7736580 and 18090.
270
Calculate the highest common factor of 27713 and 1760899.
749
Calculate the greatest common divisor of 28 and 3915408028.
28
Calculate the highest common factor of 434 and 15287650.
434
Calculate the greatest common divisor of 171 and 6062729.
19
Calculate the highest common divisor of 28835610 and 90.
30
What is the greatest common divisor of 255744380 and 40970?
2410
What is the greatest common factor of 20052501 and 5607?
1869
What is the greatest common divisor of 2964 and 46017582?
1482
What is the greatest common factor of 8 and 1007388?
4
What is the highest common factor of 2542 and 420422?
62
Calculate the highest common divisor of 902 and 6523018.
82
Calculate the highest common factor of 7818473 and 78.
13
Calculate the highest common factor of 2315278001 and 557.
557
Calculate the highest common divisor of 88347668 and 2198.
314
What is the greatest common divisor of 11067103 and 3314?
1657
Calculate the greatest common divisor of 6 and 90481947.
3
Calculate the highest common factor of 192297 and 3066.
21
Calculate the greatest common divisor of 159373 and 1835621.
809
What is the highest common divisor of 111965 and 857647?
49
What is the highest common divisor of 36176 and 28526?
34
What is the greatest common divisor of 212628080 and 28?
28
What is the greatest common factor of 15281 and 331335?
37
What is the highest common divisor of 935345994 and 66?
66
Calculate the highest common divisor of 1134336 and 5152.
224
Calculate the highest common factor of 409932722 and 4638.
1546
Calculate the greatest common divisor of 495295 and 174080.
85
What is the highest common factor of 171 and 30222540?
171
Calculate the greatest common factor of 166257 and 244657.
49
What is the greatest common factor of 891 and 3842829?
27
Calculate the greatest common divisor of 538 and 88863074.
538
What is the greatest common factor of 57622 and 2072230?
94
Calculate the highest common factor of 282958452 and 4263.
609
Calculate the highest common factor of 63148840 and 280.
40
What is the highest common factor of 5050 and 184277530?
1010
Calculate the greatest common factor of 35280 and 143460.
180
What is the greatest common divisor of 12 and 81130071?
3
Calculate the highest common factor of 34611 and 855564.
249
What is the greatest common factor of 3844 and 4784292?
124
Calculate the greatest common factor of 196061349 and 66.
33
What is the greatest common divisor of 63868927 and 181?
181
What is the greatest common divisor of 55191888 and 12?
12
Calculate the greatest common factor of 120042 and 1547262.
162
Calculate the greatest common factor of 15843504 and 77556.
276
What is the greatest common divisor of 3147630 and 50046?
2634
What is the greatest common factor of 8499975 and 825?
825
What is the highest common divisor of 17 and 23459099?
17
What is the highest common divisor of 217 and 26519911?
31
Calculate the greatest common factor of 322404 and 434684.
1604
What is the highest common divisor of 40167081 and 63?
9
Calculate the greatest common factor of 685618 and 128528.
58
What is the highest common factor of 4483815 and 2730?
105
What is the greatest common factor of 631 and 17668631?
631
What is the greatest common factor of 232 and 10146856?
8
Calculate the highest common factor of 1977987 and 402.
3
What is the greatest common divisor of 70124159 and 1589?
1589
What is the highest common divisor of 77355 and 21360?
15
What is the highest common factor of 282573216 and 192?
96
What is the greatest common divisor of 2587929 and 3435?
687
Calculate the greatest common factor of 735 and 54195.
15
Calculate the highest common divisor of 96 and 9806304.
96
What is the greatest common divisor of 919807 and 80901?
101
Calculate the highest common divisor of 14941065 and 470.
235
What is the highest common divisor of 336272 and 144?
1